 is divided by g.
116
Let j(c) = c + 2 - 7*c - c**2 + 7*c + 1. Let p be j(3). What is the remainder when 128/5 - p/(-5) is divided by 9?
7
Let d(t) = 143*t**3 - 3*t**2 - 3*t + 1. What is the remainder when 688 is divided by d(1)?
136
Suppose 5*r - i + 141 = 758, 5*r - 4*i = 608. Calculate the remainder when r is divided by 182/21 + (-4)/6.
4
Suppose 0 = 4*l + 4*f - 24, 4*l + 0*f = 5*f - 3. Suppose -l*u + 5*k + 347 = -639, -2*u + 650 = 4*k. What is the remainder when u is divided by 82?
81
Suppose 0 = -4*v + 4*x + 712, -v + 106 = -5*x - 88. What is the remainder when 693 is divided by v?
171
Let m = 122 - -77. Suppose 4*t = -99 + m. What is the remainder when t is divided by 18?
7
Suppose 0 = -5*r - 3*l + 364, 2*r - 19 = l + 109. What is the remainder when 130 is divided by r?
62
Let s(q) = 2*q**2 - 5*q - 7. Let n be s(-3). Suppose 2*x + n = 4*m, -19 = x + 2*m + 2*m. Calculate the remainder when 103 is divided by 0 + 130/x*-3.
25
Let l(t) = -t**2 + 11*t - 2. Let x(q) = 2*q**2 + 5*q + 12. Let r be x(-3). Let k be l(r). Let z = k - -353. Calculate the remainder when z is divided by 49.
46
Let c(f) = -5286*f + 16340. Suppose -143 = -2*l + 5*p, 0 = 4*l - 4*p - 0*p - 280. Calculate the remainder when c(3) is divided by l.
68
Suppose 9 = 3*c, -306*u + 5*c = -301*u - 45. Let o be (-2)/(-4)*22*1. Calculate the remainder when (-2)/o - (-699)/33 is divided by u.
9
Let a = -9426 - -9460. Calculate the remainder when 1849 is divided by a.
13
Suppose -3*a - 2*c - 399 = 0, -2*c - 220 - 46 = 2*a. What is the remainder when 144 is divided by a/(-3) + 38/(-114)?
12
Let t be (3 - 4)/(-6 - (-44)/8). Suppose 4*d = -f + 1222, -t*d - 4*f - 1517 = -7*d. What is the remainder when d is divided by 22?
19
Let f(p) = -2*p**2 + 7*p**3 + 11813*p - 11818*p + 2*p**2 - 7. Calculate the remainder when f(3) is divided by 10.
7
Let q = -440 - -442. Calculate the remainder when 152/6*(28/8 - q) is divided by ((-4)/(-10))/((-6)/(-210)).
10
What is the remainder when (-25)/5 - 690*(-22)/33 is divided by 16?
7
Let n(g) = -1. Let u(z) = -44*z + 4. Let i(d) = -6*n(d) - u(d). What is the remainder when i(1) is divided by (-2)/((4/((-24)/(-5)))/(-5))?
10
Suppose c + 3*y - 55 = 0, 30*y + 309 = 5*c + 28*y. What is the remainder when 297 is divided by c?
53
Calculate the remainder when (4030/(-39))/((-3)/18) is divided by 61.
10
What is the remainder when 1152 is divided by 336/166 - (-306)/(-12699)?
0
Suppose 0*v = 3*v, 0 = 5*q - 3*v - 570. Let s = -80 + q. Let j(r) = r**2 + 4*r + 6. Calculate the remainder when j(6) is divided by s.
32
Suppose -3*o = 9158 - 9461. Let x = -83 + 120. What is the remainder when o is divided by x?
27
Let w(l) = 21 + 10 - 9*l - 16. Suppose 53 = 4*s - 27. What is the remainder when w(-7) is divided by s?
18
Suppose 2*d + 6*r = 326, 169*d - 167*d - 368 = r. Calculate the remainder when 6149 is divided by d.
176
Let g = 78 + -74. Suppose 4*t = -4*w, 0 = -5*w + 2*w - g*t - 1. Let l = 23 + w. Calculate the remainder when l is divided by 13.
11
Let q(o) = 2*o**2 - 9*o + 26. Suppose 5*n - i - 37 = 0, -4*n + 4*i + 22 - 2 = 0. What is the remainder when 242 is divided by q(n)?
78
Suppose -29*o + 6*o = -598. Suppose 0*c + 34 = 3*c + 4*d, 2*d - o = -3*c. Suppose -3*i + 94 + 8 = 0. Calculate the remainder when i is divided by c.
4
Let c(f) = f**2 + 8*f. Let k be c(-6). Let q be 9 - (k/(-3) - 5). Suppose -100 = -5*r - q. Calculate the remainder when 53 is divided by r.
17
Let c = -9 - -7. What is the remainder when (4 + -2)/(c/(-17)) is divided by (-9)/((-189)/(-14))*3 - -5?
2
What is the remainder when 654 is divided by ((-6)/(-8))/(21/1316 + 0)?
43
What is the remainder when (-1 + 2)/((-10575)/31806 - 4/(-12)) is divided by 18?
8
Let c(z) = -z + 55. Let h be c(-21). Suppose 2*x = 94 - h. What is the remainder when 520 is divided by x?
7
Let l(x) = 5*x**3 - 5*x**2 - x - 4. Let v be l(3). Suppose -121 = -2*a + v. Suppose 107*f - 115 = a*f. What is the remainder when f is divided by 7?
2
Suppose 2*u - 142 = 4*t, t = -3*u + 57 + 128. Suppose -2*d = 3*d - 935. Calculate the remainder when d is divided by u.
61
Let x = 50 + -35. Let b be 2 - (5/x)/(2/(-12)). Suppose -4*c - b*v = -0*c, 3*c = v + 16. Calculate the remainder when 6 is divided by c.
2
Let i = 6245 + -4930. Calculate the remainder when i is divided by 370.
205
Calculate the remainder when (36/6*-3)/(-10)*780 is divided by 8.
4
Suppose -2346 - 1086 = 24*c. What is the remainder when 208 - (22/c + 201/39) is divided by 34?
33
Let q(j) = -j**3 - 13*j**2 + 14*j + 15. Let u be 4 + (-12)/(-9)*15. Let o = u - 38. What is the remainder when 87 is divided by q(o)?
12
Suppose -2*j - 22 = -118. Let h(f) = 14*f - 119. Let o be h(9). Suppose 150 = 11*s + o. Calculate the remainder when j is divided by s.
9
Let k(i) = -i**3 - 21*i**2 - 118*i - 88. Calculate the remainder when 3583 is divided by k(-12).
31
Calculate the remainder when 5812 is divided by 1*3 - 339/(13 - (28 - 14)).
340
Suppose 34*y = 38*y + 48. What is the remainder when 49 is divided by (-33)/(6*3/y)?
5
Let w be -18*(6/9 - 0). Let v = 22 + w. Suppose 4*u = 36, u - 67 = -69*l + 68*l. Calculate the remainder when l is divided by v.
8
Suppose 0 = -2*v + 4*i + 10, 4*v = -96*i + 95*i + 38. Calculate the remainder when v is divided by (-80)/(-15) + (0 - 1/3).
4
Suppose -116*c = -57*c - 62599. What is the remainder when c is divided by 76?
73
Let u(a) = -116*a**3 - 2*a**2 - 10*a - 5. Calculate the remainder when 741 is divided by u(-1).
27
Let s = 541 - 539. Suppose -k - 2*a + 7 + 14 = 0, s*k - 3*a = 28. What is the remainder when k is divided by 12?
5
Calculate the remainder when 5/(-2)*(1830/(-6) + 13) is divided by 48.
10
Let f(u) = -2*u**3 - 3*u**2 + 7*u - 6. Let r be f(2). Calculate the remainder when r/220 - (-2334)/22 is divided by 36.
34
Let o = -5296 - -5389. Calculate the remainder when 274 is divided by o.
88
Suppose 80*q = 62*q + 9810. Calculate the remainder when q is divided by 113.
93
Let h(n) = -n**3 - 7*n**2 + 16*n - 22. Let s be ((-95)/(-2))/(-5) + (-1)/(-2). Let z be h(s). Calculate the remainder when 63 is divided by 1 + 15 + (z - -1).
11
Let o = 52 - 8. Let j(l) = 10*l - 34. Let d be -4*(-90)/48*(-4)/(-6). What is the remainder when o is divided by j(d)?
12
Suppose 0 = -s + 4*s - 39. Suppose -8*i + s*i = 130. Suppose -3*o - 10 = r + 2*o, -3*r + 42 = -3*o. What is the remainder when i is divided by r?
6
Let h be (-500)/(-35) + ((-18)/(-21))/(-3). Let l be 4/(-2)*7/h. What is the remainder when 37 is divided by ((-3)/3)/(1/(-11)) + l?
7
Calculate the remainder when (0 + (-12)/(-10) + (-97608)/840)*-85 is divided by 13.
12
Suppose 4*m - 1992 = -2*s, 501 = m - 554*s + 553*s. What is the remainder when m is divided by 44?
15
Calculate the remainder when 12014 is divided by (-152)/(-18) - 320/720.
6
Let t(s) = -s**3 - 60*s**2 - 324*s + 54. What is the remainder when 117 is divided by t(-54)?
9
Let m be 20/(-6)*3/(-2). Suppose -3*d - 5*c + 64 = -7*c, m*d + c - 111 = 0. Let j = 24262 - 24248. Calculate the remainder when d is divided by j.
8
What is the remainder when 215 - (99/(-12) + (-93)/124) is divided by 67?
23
Suppose 5*j = -5*z, -j - 3*j = z - 9. Suppose c = -5*f + 2*c - 11, 13 = -5*f + j*c. Calculate the remainder when (3 + 36/f)*(-10)/3 is divided by 13.
11
Let v(y) = -y + 14. Let d(k) = 5*k**2 - 2*k - 5. Let a be d(3). Suppose -27*j - 56 = -a*j. Calculate the remainder when v(j) is divided by 6.
0
Let s = -8407 - -8439. Calculate the remainder when s is divided by 20.
12
Suppose 3*k - 6*k = -60. Let a(v) be the second derivative of 2*v**3/3 + 31*v**2 - 62*v. Calculate the remainder when k is divided by a(-14).
2
Suppose 5907 + 26790 = 280*z - 10423. Calculate the remainder when 282 is divided by z.
128
Let y(x) = 3*x**2 + 21*x + 6. Let z be y(-6). Let c(o) = -37*o. What is the remainder when c(-2) is divided by (86/(-12))/(-1) + 2/z?
4
Calculate the remainder when (7 - (-36)/(-3))*951/(-15) is divided by (-1 + 2)/((-2)/(-128)).
61
Suppose 2*v - 36 = 74. What is the remainder when v is divided by (-15)/(-3) + (-7)/(-1) + (-112)/(-14)?
15
Let d be (-4)/8 - 57/6. Let g = d - -66. What is the remainder when g is divided by 25?
6
Suppose 3*d - 5*r - 183 = 0, 16*d - 261 = 11*d + r. Calculate the remainder when 1886 is divided by d.
50
Suppose -18